
3
Let z(o) = o + 16. What is z(6)?
22
Let g(a) = a**2 - 12*a - 19. Give g(-2).
9
Let v(l) = -l**3 + 6*l**2 - 3*l - 10. Calculate v(7).
-80
Let o(g) = -22*g + 18. Give o(5).
-92
Let w(n) = 5*n - 7. What is w(-4)?
-27
Let m(r) = r**3 - 6*r**2 + 7*r + 1. Determine m(5).
11
Let k(l) = -4*l - 78. What is k(-24)?
18
Let i(v) = 3*v + 24. What is i(-11)?
-9
Let q(s) = -s**2 + 10*s + 12. Determine q(12).
-12
Let f(q) = -32*q**3 - q**2 + 1. Determine f(1).
-32
Let w(j) = -4*j + 10. Determine w(6).
-14
Let n(a) = -a**3 + 10*a**2 + 2*a - 9. Calculate n(10).
11
Let y(z) = z**3 - 10*z**2 - 11*z - 8. Give y(11).
-8
Let p(k) = k**2 + 8*k + 8. Determine p(-6).
-4
Let j(q) = q**2 + q + 23. What is j(0)?
23
Let z(c) = c + 8. Calculate z(-5).
3
Let g(q) = -2*q - 38. What is g(-19)?
0
Let g(q) = -q**3 - 7*q**2 + 4*q - 2. Calculate g(-8).
30
Let k(d) = 6*d**2 + 39*d - 5. Determine k(-8).
67
Let q(r) = -r**2 + 22*r - 1. What is q(23)?
-24
Let l(q) = q - 9. Determine l(6).
-3
Let v(p) = 2*p**3 - 6*p**2 + 4*p + 4. Determine v(2).
4
Let q(f) = 2*f - 29. What is q(-9)?
-47
Let d(v) = v**2 + 2*v + 9. Determine d(-6).
33
Let n(o) = -5*o - 23. Determine n(-8).
17
Let z(t) = t**3 - 3*t**2 - 8*t - 2. Give z(4).
-18
Let m(n) = -7*n + 39. What is m(5)?
4
Let l(y) = -y**2 - 2*y - 5. Calculate l(-5).
-20
Let y(v) = -2*v**2 + 16*v - 31. Calculate y(4).
1
Let y(j) = -2*j - 35. Calculate y(6).
-47
Let k(o) = -o**2 + 2*o + 14. What is k(-3)?
-1
Let g(w) = -w**3 + 22*w**2 + 24*w + 9. Give g(23).
32
Let h(c) = c**2 - 6. Calculate h(5).
19
Let n(g) = g**3 - 10*g**2 + 6*g + 1. Give n(9).
-26
Let k(x) = -x**3 - 6*x**2 + 7*x - 8. Determine k(-7).
-8
Let g(d) = d - 17. What is g(-8)?
-25
Let v(h) = h**2 - 1. What is v(1)?
0
Let y(x) = x**3 - x**2 - 3*x + 1. Calculate y(2).
-1
Let p(i) = i**3 + 19*i**2 + 69*i - 20. Determine p(-14).
-6
Let j(o) = -10*o**2 - 1. Calculate j(2).
-41
Let y(v) = -v**3 - 7*v**2 + 7*v - 3. What is y(-8)?
5
Let a(o) = -4*o**2 + 86*o + 38. Determine a(22).
-6
Let z(r) = -3*r - 144. Determine z(-45).
-9
Let o(s) = -3*s + 53. What is o(23)?
-16
Let k(h) = -h + 13. Give k(8).
5
Let i(z) = z**2 + 27*z + 39. Calculate i(-25).
-11
Let t(w) = w**3 + 4*w**2 + 5*w + 8. What is t(-3)?
2
Let f(j) = 7*j + 68. Calculate f(-9).
5
Let k(h) = h**3 - 2*h - 5. Determine k(-3).
-26
Let w(z) = z**2 + 15*z + 16. What is w(-14)?
2
Let f(g) = g + 25. What is f(-13)?
12
Let z(g) = -20*g. Determine z(2).
-40
Let q(j) = -53*j**3 + j**2 - j - 1. Give q(-1).
54
Let q(l) = -7*l - 100. Calculate q(-15).
5
Let m(i) = -i**2 - 7*i - 14. Determine m(-6).
-8
Let c(i) = -i**2 + 30*i + 24. Determine c(31).
-7
Let a(j) = -15*j + 7. Give a(-5).
82
Let u(j) = 11*j + 87. Give u(-9).
-12
Let x(h) = -3*h**3 + 3*h**2 + 6*h + 4. Calculate x(-2).
28
Let h(d) = 9*d**3 - 2*d - 1. Calculate h(-1).
-8
Let t(m) = 3*m**2 - 15*m + 11. Give t(4).
-1
Let q(t) = t**3 - 5*t**2 - 4*t - 6. Determine q(6).
6
Let x(n) = 2*n**2 + 27*n + 11. What is x(-13)?
-2
Let s(v) = -v**2 + 16*v - 21. Calculate s(13).
18
Let j(h) = -h**2 + 11*h - 32. Determine j(7).
-4
Let g(h) = 5*h + 29. Determine g(-6).
-1
Let r(t) = t**3 + 7*t**2 + 5*t + 2. Give r(-7).
-33
Let u(s) = -2*s - 7. Determine u(-3).
-1
Let a(w) = w**2 - 14*w + 53. Determine a(7).
4
Let r(c) = -23*c**2 + c - 2. Calculate r(1).
-24
Let d(m) = -m**2 - 13*m - 4. Determine d(-14).
-18
Let o(a) = -4*a + 49. Calculate o(19).
-27
Let k(c) = 2*c**2 + 4*c - 8. Determine k(-4).
8
Let k(g) = -8*g + 36. What is k(4)?
4
Let c(y) = 3*y**3 + 2*y**2 + y - 4. Calculate c(-2).
-22
Let v(y) = -2*y - 11. What is v(9)?
-29
Let s(b) = 8*b**2 - 280*b + 5. Give s(35).
5
Let t(p) = -p**3 + 5*p**2 + 8*p - 13. Calculate t(6).
-1
Let l(q) = q**3 + 2*q**2 + q + 28. Determine l(-4).
-8
Let q(v) = v + 28. Give q(-10).
18
Let t(n) = 74*n**2 + 5*n - 3. Calculate t(1).
76
Let g(a) = 6*a - 34. Determine g(7).
8
Let l(s) = 10*s + 58. What is l(-8)?
-22
Let n(m) = -9*m - 5. What is n(4)?
-41
Let c(i) = i**2 - 4*i - 6. Calculate c(10).
54
Let x(a) = -a - 8. What is x(-4)?
-4
Let r(j) = -18*j + 8. What is r(-4)?
80
Let r(h) = h**2 + h - 4. What is r(5)?
26
Let k(y) = -y**3 + 9*y**2 + 13*y - 13. Give k(10).
17
Let u(n) = -n**3 + 4*n**2 - 3*n + 8. Determine u(3).
8
Let f(x) = 8*x - 32. Calculate f(5).
8
Let a(u) = u**2 - 40*u + 282. What is a(29)?
-37
Let o(t) = 2*t**2 + 5*t - 22. What is o(-5)?
3
Let j(v) = 18*v + 14. What is j(-5)?
-76
Let q(w) = -w**3 + 10*w**2 + 7*w + 43. What is q(11)?
-1
Let b(o) = -4*o + 10. Determine b(2).
2
Let y(u) = 3*u**2 - 20*u + 20. Give y(6).
8
Let q(s) = -10*s - 22. What is q(-5)?
28
Let v(o) = -4*o - 60. Calculate v(-16).
4
Let u(h) = h - 24. Determine u(0).
-24
Let a(o) = -o**2 - 9*o - 26. Determine a(-6).
-8
Let r(a) = a**3 - 7*a**2 - 4*a + 5. What is r(7)?
-23
Let q(r) = -r + 19. Determine q(14).
5
Let p(i) = i - 16. Determine p(-5).
-21
Let p(x) = 2*x + 5. What is p(-3)?
-1
Let b(g) = -2*g**3 + 5*g**2 + 8*g - 2. What is b(3)?
13
Let h(v) = v**2 - 47. Give h(7).
2
Let p(l) = 3*l**2 - 58*l + 30. Give p(19).
11
Let h(w) = w**2 - 2*w + 3. Determine h(2).
3
Let q(l) = l**2 + 22*l - 8. Give q(-21).
-29
Let p(a) = -a - 23. What is p(-16)?
-7
Let k(j) = -j**3 - 8*j**2 - 7*j + 9. Calculate k(-7).
9
Let r(m) = -2*m**3 - 2*m**2 - 19*m - 36. Determine r(-2).
10
Let g(z) = 2*z - 5. Determine g(13).
21
Let p(g) = 2*g**2 + 3*g + 4. Give p(-6).
58
Let v(y) = -y**3 + 17*y**2 - 14*y - 15. Determine v(16).
17
Let o(m) = -3*m + 21. Determine o(5).
6
Let b(c) = -7*c + 29. Give b(5).
-6
Let r(q) = -3*q + 20. Calculate r(10).
-10
Let n(f) = -f**2 - 12*f - 3. Give n(-12).
-3
Let c(t) = -t**2 - 3*t. Determine c(-4).
-4
Let h(t) = -2*t**3 - 2*t**2 + 11*t + 20. Give h(-2).
6
Let s(a) = a**3 + 24*a**2 - 28*a - 52. Give s(-25).
23
Let a(i) = -9*i - 4. Give a(-4).
32
Let m(p) = p**2 - 14*p + 7. What is m(14)?
7
Let o(u) = 4*u**2 + 151*u - 42. Give o(-38).
-4
Let q(o) = -o**3 - 6*o**2 + 8*o + 7. Calculate q(-7).
0
Let r(a) = -3*a**2 - 9*a + 60. Calculate r(4).
-24
Let o(c) = c + 6. Give o(4).
10
Let y(n) = -n**2 + 10*n + 1. What is y(11)?
-10
Let x(n) = -n**3 - 9*n**2 - 4. Give x(-9).
-4
Let r(x) = -53*x - 588. Calculate r(-11).
-5
Let d(i) = -6*i**3 + 5*i**2 - i. What is d(0)?
0
Let x(c) = -18*c + 801. Calculate x(44).
9
Let b(x) = 3*x**2 - 34*x - 19. Determine b(12).
5
Let w(v) = v**3 - 7*v**2 - 7*v - 5. What is w(8)?
3
Let v(c) = -c**3 + 9*c**2 - 8*c - 1. What is v(8)?
-1
Let c(d) = 3*d**3 - 3*d**2 + 2*d - 2. What is c(2)?
14
Let w(q) = q**2 - 21*q - 32. Give w(24).
40
Let w(j) = -j**3 + 4*j**2 + 4*j + 1. Calculate w(5).
-4
Let s(z) = -2*z**2 + 47*z - 259. Calculate s(9).
2
Let m(w) = -7*w**3 + 2*w**2 + 3*w + 2. What is m(-1)?
8
Let l(j) = j**3 - 18*j**2 - 20*j - 6. Determine l(19).
-25
Let t(s) = s**2 - 11*s - 13. Give t(11).
-13
Let d(i) = i**2 + 5*i + 6. Give d(-8).
30
Let w(r) = -13*r**2 - r + 12. What is w(3)?
-108
Let s(i) = 35*i**2 - 2*i + 1. What is s(1)?
34
Let b(h) = 8*h + 26. Determine b(-6).
-22
Let h(x) = 3*x + 37. Calculate h(-10).
7
Let y(p) = -p**2 - 9*p + 32. What is y(-13)?
-20
Let w(h) = h**2 - 10*h - 12. Determine w(8).
-28
Let w(h) = 8*h + 63. Determine w(8).
127
Let l(f) = -2*f**2 - f + 2. Give l(1).
-1
Let h(u) = u**2 - 12*u + 40. Give h(8).
8
Let j(c) = c**3 - 8*c**2 + 8*c + 1. What is j(8)?
65
Let l(s) = -2*s + 2. Give l(-2).
6
Let i(x) = -7*x - 8. Calculate i(-2).
6
Let t(z) = -11*z**3 + 4*z**2 - 8*z + 3. Calculate t(1).
-12
Let h(t) = -90*t - 443. Calculate h(-5).
7
Let d(l) = -2*l + 25. Determine d(23).
-21
Let h(m) = m**3 - 7*m**2 + 6*m - 8. Give h(6).
-8
Let n(s) = 25*s**2 - 2*s + 1. Give n(1).
24
Let h(b) = -11*b - 4. Give h(-1).
7
Let s(n) = 2*n**3 + 3*n**2 + 6*n + 5. Calculate s(-3).
-40
Let b(t) = 4*t + 2. What is b(6)?
26
Let m(d) = -10*d + 3. What is m(2)?
-17
Let k(x) = -2*x**3 - 11*x**2 - x + 4. Determine k(-5).
-16
Let i(d) = d**3 - d**2 - 2*d. Calculate i(3).
12
Let b(w) = -2*w**2 - 25*w + 3. What is b(-13)?
-10
Let k(i) = i**3 + 8*i**2 - i - 9. Determine k(-8).
-1
Let s(x) = -x + 5. Give s(-3).
8
Let g(b) = -b**2 + 6*b + 12. Calculate g(-2).
-4
Let f(z) = -18*z - 336. Calculate f(-19).
6
Let o(g) = 15*g + 4. What is o(-2)?
-26
Let z(i) = -i + 11. Calculate z(0).
11
Let z(r) = -r - 3. Give z(-11).
8
Let b(t) = -5*t + 8. Give b(1).
3
Let x(p) = -p**3 - 7*p**2 + 